e tens digit of 3956?
5
What is the tens digit of 112?
1
What is the hundreds digit of 28050?
0
What is the tens digit of 45411?
1
What is the thousands digit of 1606?
1
What is the tens digit of 1813?
1
What is the hundreds digit of 21569?
5
What is the hundred thousands digit of 106227?
1
What is the tens digit of 54095?
9
What is the units digit of 25982?
2
What is the units digit of 595?
5
What is the hundreds digit of 105010?
0
What is the units digit of 30498?
8
What is the tens digit of 127?
2
What is the units digit of 57390?
0
What is the thousands digit of 43535?
3
What is the hundreds digit of 91126?
1
What is the units digit of 36448?
8
What is the tens digit of 468?
6
What is the units digit of 21910?
0
What is the units digit of 104702?
2
What is the units digit of 9634?
4
What is the units digit of 3208?
8
What is the hundreds digit of 4962?
9
What is the ten thousands digit of 14934?
1
What is the units digit of 105815?
5
What is the thousands digit of 1277?
1
What is the tens digit of 832?
3
What is the tens digit of 902?
0
What is the tens digit of 3930?
3
What is the units digit of 842?
2
What is the hundreds digit of 6223?
2
What is the tens digit of 38587?
8
What is the tens digit of 9195?
9
What is the tens digit of 2352?
5
What is the tens digit of 51784?
8
What is the thousands digit of 4690?
4
What is the tens digit of 14681?
8
What is the thousands digit of 2279?
2
What is the hundreds digit of 49900?
9
What is the hundreds digit of 14495?
4
What is the thousands digit of 15387?
5
What is the units digit of 734?
4
What is the hundreds digit of 195209?
2
What is the units digit of 352?
2
What is the hundreds digit of 4034?
0
What is the tens digit of 9694?
9
What is the hundreds digit of 5164?
1
What is the units digit of 1968?
8
What is the tens digit of 15631?
3
What is the thousands digit of 14356?
4
What is the tens digit of 356?
5
What is the units digit of 10914?
4
What is the tens digit of 1016?
1
What is the hundreds digit of 9094?
0
What is the units digit of 4923?
3
What is the tens digit of 733?
3
What is the units digit of 17999?
9
What is the hundreds digit of 9287?
2
What is the tens digit of 3493?
9
What is the hundreds digit of 237?
2
What is the thousands digit of 1370?
1
What is the hundreds digit of 39016?
0
What is the hundreds digit of 380?
3
What is the hundred thousands digit of 140638?
1
What is the units digit of 340?
0
What is the thousands digit of 1289?
1
What is the tens digit of 543?
4
What is the units digit of 7902?
2
What is the hundreds digit of 5220?
2
What is the hundreds digit of 12066?
0
What is the hundreds digit of 62968?
9
What is the hundreds digit of 1014?
0
What is the hundreds digit of 12728?
7
What is the tens digit of 3414?
1
What is the units digit of 2648?
8
What is the units digit of 47830?
0
What is the thousands digit of 75164?
5
What is the thousands digit of 4382?
4
What is the tens digit of 1794?
9
What is the ten thousands digit of 60766?
6
What is the tens digit of 1111?
1
What is the tens digit of 9369?
6
What is the thousands digit of 3871?
3
What is the units digit of 2356?
6
What is the units digit of 753?
3
What is the tens digit of 60820?
2
What is the units digit of 52161?
1
What is the hundreds digit of 12924?
9
What is the hundreds digit of 305?
3
What is the thousands digit of 17869?
7
What is the tens digit of 55356?
5
What is the thousands digit of 103554?
3
What is the tens digit of 5255?
5
What is the thousands digit of 7911?
7
What is the hundreds digit of 858?
8
What is the hundreds digit of 4609?
6
What is the hundreds digit of 1849?
8
What is the thousands digit of 150438?
0
What is the units digit of 3828?
8
What is the units digit of 497?
7
What is the hundreds digit of 92359?
3
What is the ten thousands digit of 78594?
7
What is the tens digit of 12892?
9
What is the ten thousands digit of 18843?
1
What is the units digit of 121?
1
What is the hundreds digit of 5712?
7
What is the hundreds digit of 2599?
5
What is the hundreds digit of 8337?
3
What is the units digit of 1576?
6
What is the thousands digit of 32586?
2
What is the tens digit of 1027?
2
What is the thousands digit of 137288?
7
What is the tens digit of 1059?
5
What is the tens digit of 74407?
0
What is the thousands digit of 121096?
1
What is the tens digit of 1894?
9
What is the thousands digit of 1111?
1
What is the hundreds digit of 100594?
5
What is the tens digit of 39?
3
What is the hundreds digit of 3730?
7
What is the tens digit of 73006?
0
What is the tens digit of 5355?
5
What is the hundreds digit of 2129?
1
What is the thousands digit of 5633?
5
What is the thousands digit of 7467?
7
What is the thousands digit of 21129?
1
What is the hundreds digit of 1506?
5
What is the hundreds digit of 548?
5
What is the thousands digit of 1020?
1
What is the hundreds digit of 4338?
3
What is the hundreds digit of 18732?
7
What is the hundreds digit of 6559?
5
What is the tens digit of 3690?
9
What is the ten thousands digit of 20172?
2
What is the units digit of 5985?
5
What is the hundreds digit of 645?
6
What is the units digit of 438?
8
What is the thousands digit of 8284?
8
What is the units digit of 3524?
4
What is the thousands digit of 11051?
1
What is the units digit of 860?
0
What is the units digit of 4234?
4
What is the tens digit of 964?
6
What is the ten thousands digit of 10109?
1
What is the hundreds digit of 196?
1
What is the tens digit of 1100?
0
What is the tens digit of 1201?
0
What is the units digit of 10993?
3
What is the hundreds digit of 2866?
8
What is the thousands digit of 11946?
1
What is the ten thousands digit of 53904?
5
What is the hundreds digit of 352?
3
What is the hundreds digit of 4184?
1
What is the hundreds digit of 6414?
4
What is the tens digit of 596?
9
What is the units digit of 1233?
3
What is the hundreds digit of 10100?
1
What is the hundreds digit of 7554?
5
What is the hundreds digit of 3990?
9
What is the units digit of 6144?
4
What is the hundreds digit of 742?
7
What is the units digit of 9720?
0
What is the units digit of 607?
7
What is the tens digit of 808?
0
What is the hundreds digit of 165?
1
What is the units digit of 2530?
0
What is the hundreds digit of 10005?
0
What is the hundreds digit of 44965?
9
What is the hundreds digit of 50815?
8
What is the tens digit of 89059?
5
What is the hundreds digit of 11217?
2
What is the units digit of 23258?
8
What is the units digit of 18855?
5
What is the thousands digit of 19636?
9
What is the tens digit of 38909?
0
What is the hundreds digit of 123?
1
What is the tens digit of 9234?
3
What is the hundreds digit of 19068?
0
What is the tens digit of 7799?
9
What is the tens digit of 11055?
5
What is the thousands digit of 3938?
3
What is the ten thousands digit of 16609?
1
What is the tens digit of 79796?
9
What is the hundreds digit of 52290?
2
What is the thousands digit of 61891?
1
What is the thousands digit of 30721?
0
What is the thousands digit of 10788?
0
What is the hundreds digit of 4881?
8
What is the tens digit of 9581?
8
What is the thousands digit of 1193?
1
What is the thousands digit of 2108?
2
What is the units digit of 3155?
5
What is the thousands digit of 1202?
1
What is the hundreds digit of 868?
8
What is the thousands digit of 13916?
3
What is the ten thousands digit of 72277?
7
What is the tens digit of 678?
7
What is the tens digit of 2177?
7
What is the ten thousands digit of 83025?
8
What is the thousands digit of 21117?
1
What is the tens digit of 626?
2
What is the thousands digit of 15441?
5
What is the hundreds digit of 5963?
9
What is the ten thousands digit of 48446?
4
What is the units digit of 1257?
7
What is the ten thousands digit of 18557?
1
What is the units digit of 339?
9
What is the units digit of 9572?
2
What is the units digit of 15332?
2
What is the tens digit of 3562?
6
What is the tens digit of 14431?
3
What is the units digit of 1612?
2
What is the units digit of 25?
5
What is the thousands digit of 1264?
1
What is the hundreds digit of 2600?
6
What is the tens digit of 19224?
2
What is the units digit of 555?
5
What is the units digit of 1386?
6
What is the units digit of 20246?
6
What is the hundreds digit of 16186?
1
What is